2/((-16)/(-280))*7 is divided by j?
59
Let u be ((-2)/3)/2 + (-1)/(-3). Suppose -180 = -3*q - u*q. Calculate the remainder when q is divided by -2 - 5/(5/(-18)).
12
Let l(r) = -6*r**3 + 6*r**2 + 5*r + 11. Calculate the remainder when l(-5) is divided by 3.
1
Suppose 0 = -4*a - 2*h + 15 + 51, 62 = 3*a - h. Calculate the remainder when 41 is divided by a.
3
Let j(r) = -r**3 - 3*r**2 + 7*r + 5. Let y(v) be the second derivative of -3*v**3/2 + v**2 + 69*v. Calculate the remainder when j(-5) is divided by y(-1).
9
Let g = 26 + -26. Let p be 82 - g - 0/1. Calculate the remainder when 9/(-27) + (p/3)/1 is divided by 5.
2
Let a = 264 - 257. What is the remainder when 19 is divided by -16*(a + 45/(-6))?
3
Suppose -49 = -a - 0*a - 3*r, -r = -3*a + 127. Calculate the remainder when 47 is divided by a.
4
Suppose -5*y + 40 = 5*f, 4*y - 10 = -f + y. Suppose 7*k = 70 - f. Suppose 2 = -10*s + 11*s. Calculate the remainder when k is divided by s.
1
Let j be (1 - 6) + 257 - 0/(-1). Let n = j - 82. Suppose 0 = 5*w - 27 - 188. Calculate the remainder when n is divided by w.
41
Let q(s) be the second derivative of 10/3*s**3 - 9/2*s**2 - 15*s + 0. What is the remainder when q(3) is divided by 26?
25
What is the remainder when 400 is divided by 30/150 + (-222)/(-15)?
10
Let d be (0 - 1)/(9/(-927)). Suppose -3*c - 34 + d = 0. Suppose 202 = -c*x + 25*x. What is the remainder when x is divided by 26?
23
Let v = -142 - -151. Calculate the remainder when 12/(-3)*(-189)/v is divided by 11.
7
What is the remainder when 249 is divided by 102/25*5 + (-4)/10?
9
Let o = -3 + 3. Suppose o = -i + 2*c + 11, -4*i - 4*c - 65 = -169. Suppose 95*u = 352*u - 21678 - 3251. What is the remainder when u is divided by i?
13
Let s(z) = 3*z**2 - 6*z + 3. Let h = 31 + -29. Let a be s(h). Suppose -2*n - 4*c = -2*c - 134, -n - a*c + 59 = 0. What is the remainder when n is divided by 24?
23
Suppose -4*n = -2*g + 736, -3*g = g - 2*n - 1460. Let v = g + -320. Calculate the remainder when 173 is divided by v.
41
Let i = -4135 - -4374. Let v(n) = 22*n + 5. Let f be v(6). Let l = i - f. Calculate the remainder when l is divided by 15.
12
Let o = 22928 - 22918. Let f(p) = 18*p + 3. Calculate the remainder when f(3) is divided by o.
7
Suppose 380226 = 21*a + 371616. Calculate the remainder when a is divided by 49.
18
Let u(w) = -w**2 - 2*w + 1184. Let x = 6 - -10. What is the remainder when u(33) is divided by x?
13
Suppose 3*f - 1594*z + 1589*z = 5158, f = 3*z + 1714. Calculate the remainder when f is divided by 64.
62
What is the remainder when (-23)/(322/56) + 536 is divided by 18?
10
Suppose 32*p = 37*p - 2*j - 1009, -j = -12*p + 2395. What is the remainder when 537 is divided by p?
139
Let g = 66 - 55. Calculate the remainder when 437 is divided by g.
8
Let h(x) = 54*x - 116. Let y be h(10). Suppose 7*d + 116 = y. What is the remainder when d is divided by (2 - 22/5)*-5?
8
What is the remainder when 333 is divided by (176/(-6))/(552/(-2484))?
69
Let n(z) = 3*z - 9. Let h be n(4). Let c(j) = 31 + 3*j**2 - 3*j + 9*j**2 - j**h + 2*j**3 + j**2. Calculate the remainder when c(-13) is divided by 18.
16
Let f = 378 - 95. Calculate the remainder when f is divided by 80/560 - (-810)/14.
51
Suppose -25*t + 728 = -1215 + 468. Calculate the remainder when 15691 is divided by t.
56
Let k(s) = 5*s - 50. Let w be k(17). Calculate the remainder when (546/w)/((-3)/(-10)) is divided by 16.
4
Calculate the remainder when 779 is divided by (-3 - -1)*6177/(-142).
83
Suppose 4*p - 32 = 5*d, p - 4*d - 5 = 3. Suppose -2 = p*g - 130. Let h(z) = z**3 - z**2 + z + 43. Calculate the remainder when h(0) is divided by g.
11
Let n be 1*11 + (34 - 29). Let o(j) = j**2 + 3*j - 1. Let d be o(-7). Suppose -d = -5*f + 3*q, -n = -4*f - q + 9. What is the remainder when 11 is divided by f?
5
Suppose u - 12*s - 93 = -8*s, 4*s - 61 = -u. What is the remainder when 173 is divided by u?
19
Let g(l) = l + 3. Let s be g(-2). Let i be s + 0 + (-28)/28. Suppose -3*u - 4*p + 11 = i, 3*p + 0*p = -3. Calculate the remainder when 9 is divided by u.
4
Let q = -6072 - -7044. What is the remainder when q is divided by 244?
240
Let j = 446 - 415. Let m = 299 - j. What is the remainder when m is divided by 30?
28
Let r = -77791 - -77817. Let l(v) = 36*v - 4. What is the remainder when l(5) is divided by r?
20
Let t(a) = 100*a + 721. Calculate the remainder when t(-7) is divided by (-66)/(-4)*4/6.
10
Suppose -6*l + 89 = r, -113*r + 115*r = -2*l + 208. Calculate the remainder when 263 is divided by r.
49
Suppose -24 = -p + v, -125 = -5*p - 897*v + 901*v. Calculate the remainder when 735 is divided by p.
10
Let r be (-6)/9*(-189)/(-14). Calculate the remainder when 87 is divided by (-8 - 28)/r - (-15 - -1).
15
Let f be -3 - (2 - 2) - (-1 + 44). Let q = f - -48. Suppose 2*a = -3*g + 94, -73 = -2*g + q*a - 17. Calculate the remainder when 57 is divided by g.
27
Let u = -187 + 81. Suppose -676 - 4905 = -275*x - 631. What is the remainder when (u/(-3))/(4/6) is divided by x?
17
Let i(q) = 3*q - 25. Let g be i(9). Suppose 3*b = 3*t + g*t + 51, b - t - 19 = 0. Calculate the remainder when 218 is divided by b.
20
Let f be 18/27*33/(-2). Let g(c) = c**3 + 10*c**2 - 19*c - 17. What is the remainder when 143 is divided by g(f)?
1
Let b = -74 - -185. Let j = -41 + 15. Let v = j + b. What is the remainder when v is divided by 29?
27
Let c(v) = -v**3 + 4*v**2 + 5*v + 2. Let u be c(-1). Suppose 3*d + 339 = 4*b, 0 = -6*b + 4*b + u*d + 170. What is the remainder when b is divided by 41?
2
Let i = 65 + -61. Suppose -3*h + i = -y, h + 3 - 7 = 3*y. Let n(x) = 4*x**2 + 5*x - 2. What is the remainder when n(-2) is divided by h?
0
Suppose h - 5*y - 3 - 38 = 0, 4*h - 54 = -2*y. Calculate the remainder when 110 is divided by -1 + 230/6 - h/48.
36
Let l(s) = 4*s - 27. Let z(i) = i + 5. Let n be (1 + -2)*(9 - 12). Let w be z(n). Calculate the remainder when 24 is divided by l(w).
4
Let l be 185 + 5 + 20/(-4). Let r = -130 + l. Calculate the remainder when r is divided by 30.
25
Let w(c) be the first derivative of c**4/4 - 4*c**3/3 - 5*c**2/2 - 6*c + 14. Calculate the remainder when w(7) is divided by -5 - (112 + 3)/(-5).
16
Let x be 2/5 - ((-6)/10 - 2). Suppose 31 = 4*k + l, -3*k = -x*l - 12 - 0. Suppose k + 0 = 7*c. Calculate the remainder when 1 is divided by c.
0
Suppose 0 = -j + o + 121, 22*o = 17*o + 15. What is the remainder when j is divided by 40?
4
Calculate the remainder when 596 is divided by 3*-31*39/(-117).
7
Let s(q) = 21*q**2 + 87*q + 628. Calculate the remainder when s(-8) is divided by 32.
28
Suppose -118 = -5*u + 112. Let k(d) = 317*d + u - 12 - 313*d. Calculate the remainder when 9 is divided by k(-7).
3
Let c(w) = 2*w**3 + 52*w**2 + 49*w + 10. Calculate the remainder when 2050 is divided by c(-25).
20
Let h(v) = 51*v - 144. Calculate the remainder when h(23) is divided by 150.
129
Let p(q) = -q**3 - 28*q**2 - 8*q + 34. Let v be p(-28). Let u = v + -209. Calculate the remainder when u is divided by 17.
15
Let h be 4/(-34) + 560/136. Suppose 67 = c - 5*l, -h*c - l + 90 = -2*c. Calculate the remainder when (-36 - 1)/(1/(-5)) is divided by c.
44
Suppose -4*b + 170 = 6*p, -4*b + 133 = 5*p - 5*b. Calculate the remainder when 86 is divided by p.
5
Let t(a) = 48*a + 321. Let y be t(-8). Calculate the remainder when 1/((y/(-1771))/9) is divided by 43.
38
Suppose -226*f - t = -225*f - 23, -2*t - 86 = -4*f. Let g(q) = 2*q**3 - q**2 + 7*q + 1. What is the remainder when g(6) is divided by f?
21
Let v = -264 + 418. Suppose 3*q - 2*l = 139, 4*q + 59 - 246 = l. What is the remainder when v is divided by q?
13
Suppose -109*o - 2*m + 38 = -106*o, 5*o = -3*m + 62. Calculate the remainder when 438 is divided by o.
8
Suppose -216 = -21*b + 7995. What is the remainder when b is divided by 1?
0
What is the remainder when 162 is divided by -5 - (-1188)/8 - (6 - 66/12)?
19
Let a = -3110 + 3633. What is the remainder when a is divided by 166?
25
Suppose 7 = 2*n - 55. Let p(a) = -31*a**3 + 30*a**3 + n + 3*a + 16*a**2 - a. Calculate the remainder when p(16) is divided by 22.
19
Let k = 146 - 121. Let n = 65 - 26. Calculate the remainder when n is divided by ((-12)/(-15))/(1/k).
19
Let q(i) = 158*i - 175. Let f = 501 + -496. What is the remainder when q(f) is divided by 11?
10
Supp